{"id":236,"date":"2022-12-13T20:19:11","date_gmt":"2022-12-13T19:19:11","guid":{"rendered":"http:\/\/salon-laura.com\/?page_id=236"},"modified":"2023-04-27T11:56:26","modified_gmt":"2023-04-27T09:56:26","slug":"dlonie","status":"publish","type":"page","link":"https:\/\/salon-laura.com\/?page_id=236","title":{"rendered":"D\u0142onie i stopy"},"content":{"rendered":"\t\t<div data-elementor-type=\"wp-page\" data-elementor-id=\"236\" class=\"elementor elementor-236\">\n\t\t\t\t\t\t<section class=\"elementor-section elementor-top-section elementor-element elementor-element-3adc314 elementor-section-boxed elementor-section-height-default elementor-section-height-default wpr-particle-no wpr-jarallax-no wpr-parallax-no wpr-sticky-section-no\" data-id=\"3adc314\" data-element_type=\"section\" data-settings=\"{&quot;background_background&quot;:&quot;classic&quot;}\">\n\t\t\t\t\t\t<div class=\"elementor-container elementor-column-gap-default\">\n\t\t\t\t\t<div class=\"elementor-column elementor-col-100 elementor-top-column elementor-element elementor-element-73a4a96\" data-id=\"73a4a96\" data-element_type=\"column\">\n\t\t\t<div class=\"elementor-widget-wrap\">\n\t\t\t\t\t\t\t<\/div>\n\t\t<\/div>\n\t\t\t\t\t<\/div>\n\t\t<\/section>\n\t\t\t\t<section class=\"elementor-section elementor-top-section elementor-element elementor-element-dc3cc09 elementor-section-boxed elementor-section-height-default elementor-section-height-default wpr-particle-no wpr-jarallax-no wpr-parallax-no wpr-sticky-section-no\" data-id=\"dc3cc09\" data-element_type=\"section\">\n\t\t\t\t\t\t<div class=\"elementor-container elementor-column-gap-default\">\n\t\t\t\t\t<div class=\"elementor-column elementor-col-50 elementor-top-column elementor-element elementor-element-757f3c2\" data-id=\"757f3c2\" data-element_type=\"column\">\n\t\t\t<div class=\"elementor-widget-wrap elementor-element-populated\">\n\t\t\t\t\t\t<div class=\"elementor-element elementor-element-7b4c0af elementor-widget elementor-widget-elementskit-heading\" data-id=\"7b4c0af\" data-element_type=\"widget\" data-widget_type=\"elementskit-heading.default\">\n\t\t\t\t<div class=\"elementor-widget-container\">\n\t\t\t<div class=\"ekit-wid-con\" ><div class=\"ekit-heading elementskit-section-title-wraper center   ekit_heading_tablet-   ekit_heading_mobile-\"><h2 class=\"ekit-heading--title elementskit-section-title \">D\u0142onie\u200b<\/h2><div class=\"ekit_heading_separetor_wraper ekit_heading_elementskit-border-divider\"><div class=\"elementskit-border-divider\"><\/div><\/div><\/div><\/div>\t\t<\/div>\n\t\t\t\t<\/div>\n\t\t\t\t<div class=\"elementor-element elementor-element-3bffd72 elementor-widget elementor-widget-text-editor\" data-id=\"3bffd72\" data-element_type=\"widget\" data-widget_type=\"text-editor.default\">\n\t\t\t\t<div class=\"elementor-widget-container\">\n\t\t\t<style>\/*! elementor - v3.21.0 - 26-05-2024 *\/\n.elementor-widget-text-editor.elementor-drop-cap-view-stacked .elementor-drop-cap{background-color:#69727d;color:#fff}.elementor-widget-text-editor.elementor-drop-cap-view-framed .elementor-drop-cap{color:#69727d;border:3px solid;background-color:transparent}.elementor-widget-text-editor:not(.elementor-drop-cap-view-default) .elementor-drop-cap{margin-top:8px}.elementor-widget-text-editor:not(.elementor-drop-cap-view-default) .elementor-drop-cap-letter{width:1em;height:1em}.elementor-widget-text-editor .elementor-drop-cap{float:left;text-align:center;line-height:1;font-size:50px}.elementor-widget-text-editor .elementor-drop-cap-letter{display:inline-block}<\/style>\t\t\t\t<p style=\"font-weight: 400;\">Zwyczaj ca\u0142owania kobiet w r\u0119k\u0119 odchodzi do historii. Jedne panie si\u0119 ciesz\u0105, bo to staro\u015bwieckie i niehigieniczne, inne \u017ca\u0142uj\u0105, \u017ce w Polsce jest coraz mniej d\u017centelmen\u00f3w&#8230;<\/p><p style=\"font-weight: 400;\">Ca\u0142owanie kobiety w r\u0119k\u0119 to prze\u017cytek, ale tylko dlatego, \u017ce bardzo pojemna kategoria obejmuj\u0105ca m\u0119\u017cczyzn w wieku 20-40 lat w zwyczaju tego nie maj\u0105. Za to, kiedy ju\u017c zdarzy si\u0119 jaki\u015b rodzynek i szarmancko uca\u0142uje m\u0105 d\u0142o\u0144, to wiele z pa\u0144 nie do\u015b\u0107, \u017ce si\u0119 rumieni\u0105 jak p\u0105czek r\u00f3\u017cy, ale pewnie i my\u015bl\u0105: &#8222;szkoda, \u017ce inni te\u017c nie s\u0105 tacy mili&#8221;.<\/p><p>\u00a0<\/p><p style=\"font-weight: 400;\">Z drugiej strony. ca\u0142owanie w d\u0142o\u0144 kobiety, do kt\u00f3rej \u017cywi si\u0119 uczucie jest Inajlepsz\u0105 tego uczucia oznak\u0105. Nasze babcie poznawa\u0142o stosunek m\u0119\u017cczyzny do<a href=\"..\/salon-laura.com\/image\/gab-rece.jpg\">\u00a0<\/a>kobiety w\u0142a\u015bnie po tym, czy j\u0105 ca\u0142uje w r\u0119k\u0119, nie wspominaj\u0105c o sposobie w jaki to robi i czy spogl\u0105da jej przy tym g\u0142\u0119boko w oczy&#8230;\u00a0<br \/>Ca\u0142owanie w r\u0119k\u0119 to najpi\u0119kniejsza pieszczota. Dlatego mo\u017ce to i dobrze, \u017ce ju\u017c nie jest zwyczajow\u0105 form\u0105 witania kobiety, bo przez to sta\u0142o si\u0119 bardziej&#8230;intymne.<\/p><p style=\"font-weight: 400;\">\u00a0<\/p><p style=\"font-weight: 400;\">Postarajmy si\u0119 o to by Nasze d\u0142onie by\u0142y pi\u0119kne tak by sta\u0142y si\u0119 pieszczot\u0105 nie tylko dla nas ale i dla m\u0119zczyzny, kt\u00f3ry ja poca\u0142uje w dotyku i w wygladzie. Nawet jesli tego nie zrobi pamietajmy panie, \u017ce to w\u0142a\u015bnie d\u0142onie wyci\u0105gamy do przywitania i one s\u0105 pierwszym spotkaniem-dotykiem z druga osoba, a wi\u0119c i nasz\u0105 wizyt\u00f3wk\u0105. Tak by rumieniec na naszej twarzy pojawia\u0142 si\u0119 z naszego zachwytu a nie wstydu, a wystarczy naprawde tak niewiele:<\/p><p style=\"font-weight: 400;\">&#8211; dobry krem<\/p><p style=\"font-weight: 400;\">&#8211; od do czasu wizyta u peniki\u017cystki<\/p><p style=\"font-weight: 400;\">&#8211; a jak jeszcze dodamy do tego pi\u0119knie zadbane i przyozdobione paznokcie&#8230;<\/p><p style=\"font-weight: 400;\">Nasze d\u0142onie nabior\u0105 blasku.<\/p>\t\t\t\t\t\t<\/div>\n\t\t\t\t<\/div>\n\t\t\t\t<div class=\"elementor-element elementor-element-889291e elementor-widget elementor-widget-image\" data-id=\"889291e\" data-element_type=\"widget\" data-widget_type=\"image.default\">\n\t\t\t\t<div class=\"elementor-widget-container\">\n\t\t\t<style>\/*! elementor - v3.21.0 - 26-05-2024 *\/\n.elementor-widget-image{text-align:center}.elementor-widget-image a{display:inline-block}.elementor-widget-image a img[src$=\".svg\"]{width:48px}.elementor-widget-image img{vertical-align:middle;display:inline-block}<\/style>\t\t\t\t\t\t\t\t\t\t<img fetchpriority=\"high\" decoding=\"async\" width=\"400\" height=\"552\" src=\"https:\/\/salon-laura.com\/wp-content\/uploads\/2023\/01\/dlonie.jpg\" class=\"attachment-large size-large wp-image-492\" alt=\"stopy\" srcset=\"https:\/\/salon-laura.com\/wp-content\/uploads\/2023\/01\/dlonie.jpg 400w, https:\/\/salon-laura.com\/wp-content\/uploads\/2023\/01\/dlonie-217x300.jpg 217w\" sizes=\"(max-width: 400px) 100vw, 400px\" \/>\t\t\t\t\t\t\t\t\t\t\t\t\t<\/div>\n\t\t\t\t<\/div>\n\t\t\t\t\t<\/div>\n\t\t<\/div>\n\t\t\t\t<div class=\"elementor-column elementor-col-50 elementor-top-column elementor-element elementor-element-f64b8a7\" data-id=\"f64b8a7\" data-element_type=\"column\">\n\t\t\t<div class=\"elementor-widget-wrap elementor-element-populated\">\n\t\t\t\t\t\t<div class=\"elementor-element elementor-element-91cb4f8 elementor-widget elementor-widget-spacer\" data-id=\"91cb4f8\" data-element_type=\"widget\" data-widget_type=\"spacer.default\">\n\t\t\t\t<div class=\"elementor-widget-container\">\n\t\t\t<style>\/*! elementor - v3.21.0 - 26-05-2024 *\/\n.elementor-column .elementor-spacer-inner{height:var(--spacer-size)}.e-con{--container-widget-width:100%}.e-con-inner>.elementor-widget-spacer,.e-con>.elementor-widget-spacer{width:var(--container-widget-width,var(--spacer-size));--align-self:var(--container-widget-align-self,initial);--flex-shrink:0}.e-con-inner>.elementor-widget-spacer>.elementor-widget-container,.e-con>.elementor-widget-spacer>.elementor-widget-container{height:100%;width:100%}.e-con-inner>.elementor-widget-spacer>.elementor-widget-container>.elementor-spacer,.e-con>.elementor-widget-spacer>.elementor-widget-container>.elementor-spacer{height:100%}.e-con-inner>.elementor-widget-spacer>.elementor-widget-container>.elementor-spacer>.elementor-spacer-inner,.e-con>.elementor-widget-spacer>.elementor-widget-container>.elementor-spacer>.elementor-spacer-inner{height:var(--container-widget-height,var(--spacer-size))}.e-con-inner>.elementor-widget-spacer.elementor-widget-empty,.e-con>.elementor-widget-spacer.elementor-widget-empty{position:relative;min-height:22px;min-width:22px}.e-con-inner>.elementor-widget-spacer.elementor-widget-empty .elementor-widget-empty-icon,.e-con>.elementor-widget-spacer.elementor-widget-empty .elementor-widget-empty-icon{position:absolute;top:0;bottom:0;left:0;right:0;margin:auto;padding:0;width:22px;height:22px}<\/style>\t\t<div class=\"elementor-spacer\">\n\t\t\t<div class=\"elementor-spacer-inner\"><\/div>\n\t\t<\/div>\n\t\t\t\t<\/div>\n\t\t\t\t<\/div>\n\t\t\t\t<div class=\"elementor-element elementor-element-9c23e3c elementor-widget elementor-widget-image\" data-id=\"9c23e3c\" data-element_type=\"widget\" data-widget_type=\"image.default\">\n\t\t\t\t<div class=\"elementor-widget-container\">\n\t\t\t\t\t\t\t\t\t\t\t\t\t<img decoding=\"async\" width=\"498\" height=\"265\" src=\"https:\/\/salon-laura.com\/wp-content\/uploads\/2023\/01\/hand.jpg\" class=\"attachment-large size-large wp-image-488\" alt=\"d\u0142onie_salon_laura\" srcset=\"https:\/\/salon-laura.com\/wp-content\/uploads\/2023\/01\/hand.jpg 498w, https:\/\/salon-laura.com\/wp-content\/uploads\/2023\/01\/hand-300x160.jpg 300w\" sizes=\"(max-width: 498px) 100vw, 498px\" \/>\t\t\t\t\t\t\t\t\t\t\t\t\t<\/div>\n\t\t\t\t<\/div>\n\t\t\t\t<div class=\"elementor-element elementor-element-60cd8a4 elementor-widget elementor-widget-spacer\" data-id=\"60cd8a4\" data-element_type=\"widget\" data-widget_type=\"spacer.default\">\n\t\t\t\t<div class=\"elementor-widget-container\">\n\t\t\t\t\t<div class=\"elementor-spacer\">\n\t\t\t<div class=\"elementor-spacer-inner\"><\/div>\n\t\t<\/div>\n\t\t\t\t<\/div>\n\t\t\t\t<\/div>\n\t\t\t\t<div class=\"elementor-element elementor-element-b5524b7 elementor-widget elementor-widget-elementskit-heading\" data-id=\"b5524b7\" data-element_type=\"widget\" data-widget_type=\"elementskit-heading.default\">\n\t\t\t\t<div class=\"elementor-widget-container\">\n\t\t\t<div class=\"ekit-wid-con\" ><div class=\"ekit-heading elementskit-section-title-wraper center   ekit_heading_tablet-   ekit_heading_mobile-\"><h2 class=\"ekit-heading--title elementskit-section-title \">Stopy\u200b<\/h2><div class=\"ekit_heading_separetor_wraper ekit_heading_elementskit-border-divider\"><div class=\"elementskit-border-divider\"><\/div><\/div><\/div><\/div>\t\t<\/div>\n\t\t\t\t<\/div>\n\t\t\t\t<div class=\"elementor-element elementor-element-1ee96ae elementor-widget elementor-widget-text-editor\" data-id=\"1ee96ae\" data-element_type=\"widget\" data-widget_type=\"text-editor.default\">\n\t\t\t\t<div class=\"elementor-widget-container\">\n\t\t\t\t\t\t\t<p><span style=\"font-size: small;\">Stopy s\u0105 bardzo wa\u017cnym elementem urody dlatego powinny by\u0107 pi\u0119kne i starannie wypiel\u0119gnowane. Delikatna, aksamitna sk\u00f3ra oraz kszta\u0142tne, zdrowe paznokcie s\u0105 ozdob\u0105 ka\u017cdego, cz\u0119\u015bci\u0105 urody<\/span><span style=\"color: #660000; font-size: small;\">.<\/span><\/p><p>\u00a0<\/p><p>Zabiegi Piel\u0119gnacyjne i SPA na Stopy<\/p><p>Niewiele os\u00f3b zdaje sobie spraw\u0119, \u017ce z\u0142e samopoczucie zaczyna si\u0119 przewa\u017cnie\u00a0od zaniedbanych st\u00f3p, a ich regularna piel\u0119gnacja jest kwesti\u0105 nie tylko\u00a0estetyki ale i zdrowia. W stopach umieszczone s\u0105 receptory, unerwione punkty\u00a0maj\u0105ce po\u0142\u0105czenie z ka\u017cdym organem cia\u0142a. Poprzez masa\u017c mo\u017cna poprawi\u0107\u00a0ukrwienie tych punkt\u00f3w, a tym samym odpowiadaj\u0105cych im narz\u0105d\u00f3w, poprawi\u0107\u00a0kr\u0105\u017cenie krwi, transport sk\u0142adnik\u00f3w od\u017cywczych i usuwanie toksyn\u00a0odpowiedzialnych za choroby. Dlatego warto piel\u0119gnowa\u0107 stopy w odpowiedni\u00a0spos\u00f3b, by d\u0142ugo zachowa\u0107 ich zdrowie i estetyczny wygl\u0105d.\u00a0<\/p><p>Kiedy stosowa\u0107:<\/p><p>\u00a0<\/p><ul><li>gdy sk\u00f3ra st\u00f3p jest sucha, cz\u0119sto si\u0119 \u0142uszczy<\/li><li>masz zrogowacia\u0142y i p\u0119kaj\u0105cy nask\u00f3rek<\/li><li>masz uczucie ci\u0119\u017ckich, zm\u0119czonch n\u00f3g<\/li><li>masz uczucie gor\u0105cych, pal\u0105cych st\u00f3p<\/li><li>gdy Twoje paznokcie s\u0105 kruche i \u0142amliwe<\/li><li>kiedy masz zimne, s\u0142abo ukrwione stopy<\/li><li>przy nadmiernej potliwo\u015bci st\u00f3p<\/li><\/ul><p>\u00a0<\/p><p>Nasze zabiegi daj\u0105 nast\u0119puj\u0105ce efekty:<\/p><p>\u00a0<\/p><ul><li>popraw\u0119 mikrocyrkulacji krwi i limfy<\/li><li>pobudzenie receptor\u00f3w obecnych w stopach<\/li><li>wyg\u0142adzenie, nawil\u017cenie i od\u017cywienie sk\u00f3ry<\/li><li>usuni\u0119cie zrogowacia\u0142ego nask\u00f3rka<\/li><li>od\u017cywienie i wzmocnienie paznokci<\/li><li>przeciwdzia\u0142anie oznakom starzenia<\/li><li>zapewnienie d\u0142ugotrwa\u0142ego uczucia relaksu i odpr\u0119\u017cenia<\/li><\/ul>\t\t\t\t\t\t<\/div>\n\t\t\t\t<\/div>\n\t\t\t\t\t<\/div>\n\t\t<\/div>\n\t\t\t\t\t<\/div>\n\t\t<\/section>\n\t\t\t\t<section class=\"elementor-section elementor-top-section elementor-element elementor-element-2492123 elementor-section-boxed elementor-section-height-default elementor-section-height-default wpr-particle-no wpr-jarallax-no wpr-parallax-no wpr-sticky-section-no\" data-id=\"2492123\" data-element_type=\"section\">\n\t\t\t\t\t\t<div class=\"elementor-container elementor-column-gap-default\">\n\t\t\t\t\t<div class=\"elementor-column elementor-col-25 elementor-top-column elementor-element elementor-element-0547d41\" data-id=\"0547d41\" data-element_type=\"column\">\n\t\t\t<div class=\"elementor-widget-wrap elementor-element-populated\">\n\t\t\t\t\t\t<div class=\"elementor-element elementor-element-db2c022 elementor-widget elementor-widget-image\" data-id=\"db2c022\" data-element_type=\"widget\" data-widget_type=\"image.default\">\n\t\t\t\t<div class=\"elementor-widget-container\">\n\t\t\t\t\t\t\t\t\t\t\t\t\t<img decoding=\"async\" width=\"601\" height=\"800\" src=\"https:\/\/salon-laura.com\/wp-content\/uploads\/2023\/04\/received_952078375922288.jpeg\" class=\"attachment-large size-large wp-image-810\" alt=\"paznokcie trencz salon laura\" srcset=\"https:\/\/salon-laura.com\/wp-content\/uploads\/2023\/04\/received_952078375922288.jpeg 601w, https:\/\/salon-laura.com\/wp-content\/uploads\/2023\/04\/received_952078375922288-225x300.jpeg 225w\" sizes=\"(max-width: 601px) 100vw, 601px\" \/>\t\t\t\t\t\t\t\t\t\t\t\t\t<\/div>\n\t\t\t\t<\/div>\n\t\t\t\t\t<\/div>\n\t\t<\/div>\n\t\t\t\t<div class=\"elementor-column elementor-col-25 elementor-top-column elementor-element elementor-element-466141e\" data-id=\"466141e\" data-element_type=\"column\">\n\t\t\t<div class=\"elementor-widget-wrap elementor-element-populated\">\n\t\t\t\t\t\t<div class=\"elementor-element elementor-element-3d209f8 elementor-widget elementor-widget-image\" data-id=\"3d209f8\" data-element_type=\"widget\" data-widget_type=\"image.default\">\n\t\t\t\t<div class=\"elementor-widget-container\">\n\t\t\t\t\t\t\t\t\t\t\t\t\t<img loading=\"lazy\" decoding=\"async\" width=\"601\" height=\"800\" src=\"https:\/\/salon-laura.com\/wp-content\/uploads\/2023\/04\/received_454116700237868.jpeg\" class=\"attachment-large size-large wp-image-808\" alt=\"paznokcie kolorowe w wzorki salon laura\" srcset=\"https:\/\/salon-laura.com\/wp-content\/uploads\/2023\/04\/received_454116700237868.jpeg 601w, https:\/\/salon-laura.com\/wp-content\/uploads\/2023\/04\/received_454116700237868-225x300.jpeg 225w\" sizes=\"(max-width: 601px) 100vw, 601px\" \/>\t\t\t\t\t\t\t\t\t\t\t\t\t<\/div>\n\t\t\t\t<\/div>\n\t\t\t\t\t<\/div>\n\t\t<\/div>\n\t\t\t\t<div class=\"elementor-column elementor-col-25 elementor-top-column elementor-element elementor-element-4eaba20\" data-id=\"4eaba20\" data-element_type=\"column\">\n\t\t\t<div class=\"elementor-widget-wrap elementor-element-populated\">\n\t\t\t\t\t\t<div class=\"elementor-element elementor-element-cb2f81c elementor-widget elementor-widget-image\" data-id=\"cb2f81c\" data-element_type=\"widget\" data-widget_type=\"image.default\">\n\t\t\t\t<div class=\"elementor-widget-container\">\n\t\t\t\t\t\t\t\t\t\t\t\t\t<img loading=\"lazy\" decoding=\"async\" width=\"800\" height=\"800\" src=\"https:\/\/salon-laura.com\/wp-content\/uploads\/2023\/04\/received_685403626686749.jpeg\" class=\"attachment-large size-large wp-image-809\" alt=\"paznokcie kolorowe w kropki salon laura\" srcset=\"https:\/\/salon-laura.com\/wp-content\/uploads\/2023\/04\/received_685403626686749.jpeg 800w, https:\/\/salon-laura.com\/wp-content\/uploads\/2023\/04\/received_685403626686749-300x300.jpeg 300w, https:\/\/salon-laura.com\/wp-content\/uploads\/2023\/04\/received_685403626686749-150x150.jpeg 150w, https:\/\/salon-laura.com\/wp-content\/uploads\/2023\/04\/received_685403626686749-768x768.jpeg 768w\" sizes=\"(max-width: 800px) 100vw, 800px\" \/>\t\t\t\t\t\t\t\t\t\t\t\t\t<\/div>\n\t\t\t\t<\/div>\n\t\t\t\t\t<\/div>\n\t\t<\/div>\n\t\t\t\t<div class=\"elementor-column elementor-col-25 elementor-top-column elementor-element elementor-element-c449e19\" data-id=\"c449e19\" data-element_type=\"column\">\n\t\t\t<div class=\"elementor-widget-wrap elementor-element-populated\">\n\t\t\t\t\t\t<div class=\"elementor-element elementor-element-d256397 elementor-widget elementor-widget-image\" data-id=\"d256397\" data-element_type=\"widget\" data-widget_type=\"image.default\">\n\t\t\t\t<div class=\"elementor-widget-container\">\n\t\t\t\t\t\t\t\t\t\t\t\t\t<img loading=\"lazy\" decoding=\"async\" width=\"751\" height=\"939\" src=\"https:\/\/salon-laura.com\/wp-content\/uploads\/2023\/04\/received_218746927502880.jpeg\" class=\"attachment-large size-large wp-image-807\" alt=\"paznokcie kolorowe czerwone salon laura\" srcset=\"https:\/\/salon-laura.com\/wp-content\/uploads\/2023\/04\/received_218746927502880.jpeg 751w, https:\/\/salon-laura.com\/wp-content\/uploads\/2023\/04\/received_218746927502880-240x300.jpeg 240w\" sizes=\"(max-width: 751px) 100vw, 751px\" \/>\t\t\t\t\t\t\t\t\t\t\t\t\t<\/div>\n\t\t\t\t<\/div>\n\t\t\t\t\t<\/div>\n\t\t<\/div>\n\t\t\t\t\t<\/div>\n\t\t<\/section>\n\t\t\t\t<\/div>\n\t\t","protected":false},"excerpt":{"rendered":"<p>D\u0142onie\u200b Zwyczaj ca\u0142owania kobiet w r\u0119k\u0119 odchodzi do historii. Jedne panie si\u0119 ciesz\u0105, bo to staro\u015bwieckie i niehigieniczne, inne \u017ca\u0142uj\u0105, \u017ce w Polsce jest coraz mniej d\u017centelmen\u00f3w&#8230; Ca\u0142owanie kobiety w r\u0119k\u0119 to prze\u017cytek, ale tylko dlatego, \u017ce bardzo pojemna kategoria obejmuj\u0105ca m\u0119\u017cczyzn w wieku 20-40 lat w zwyczaju tego nie maj\u0105. Za to, kiedy ju\u017c &hellip;<\/p>\n<p class=\"read-more\"> <a class=\"\" href=\"https:\/\/salon-laura.com\/?page_id=236\"> <span class=\"screen-reader-text\">D\u0142onie i stopy<\/span> Read More &raquo;<\/a><\/p>\n","protected":false},"author":1,"featured_media":0,"parent":0,"menu_order":0,"comment_status":"closed","ping_status":"closed","template":"","meta":{"site-sidebar-layout":"no-sidebar","site-content-layout":"page-builder","ast-global-header-display":"","ast-main-header-display":"","ast-hfb-above-header-display":"","ast-hfb-below-header-display":"","ast-hfb-mobile-header-display":"","site-post-title":"disabled","ast-breadcrumbs-content":"","ast-featured-img":"disabled","footer-sml-layout":"","theme-transparent-header-meta":"","adv-header-id-meta":"","stick-header-meta":"","header-above-stick-meta":"","header-main-stick-meta":"","header-below-stick-meta":"","footnotes":""},"class_list":["post-236","page","type-page","status-publish","hentry"],"_links":{"self":[{"href":"https:\/\/salon-laura.com\/index.php?rest_route=\/wp\/v2\/pages\/236","targetHints":{"allow":["GET"]}}],"collection":[{"href":"https:\/\/salon-laura.com\/index.php?rest_route=\/wp\/v2\/pages"}],"about":[{"href":"https:\/\/salon-laura.com\/index.php?rest_route=\/wp\/v2\/types\/page"}],"author":[{"embeddable":true,"href":"https:\/\/salon-laura.com\/index.php?rest_route=\/wp\/v2\/users\/1"}],"replies":[{"embeddable":true,"href":"https:\/\/salon-laura.com\/index.php?rest_route=%2Fwp%2Fv2%2Fcomments&post=236"}],"version-history":[{"count":11,"href":"https:\/\/salon-laura.com\/index.php?rest_route=\/wp\/v2\/pages\/236\/revisions"}],"predecessor-version":[{"id":813,"href":"https:\/\/salon-laura.com\/index.php?rest_route=\/wp\/v2\/pages\/236\/revisions\/813"}],"wp:attachment":[{"href":"https:\/\/salon-laura.com\/index.php?rest_route=%2Fwp%2Fv2%2Fmedia&parent=236"}],"curies":[{"name":"wp","href":"https:\/\/api.w.org\/{rel}","templated":true}]}}