{"id":256,"date":"2022-12-13T20:25:22","date_gmt":"2022-12-13T19:25:22","guid":{"rendered":"http:\/\/salon-laura.com\/?page_id=256"},"modified":"2023-04-06T17:51:49","modified_gmt":"2023-04-06T15:51:49","slug":"kosmetologia","status":"publish","type":"page","link":"https:\/\/salon-laura.com\/?page_id=256","title":{"rendered":"Kosmetologia"},"content":{"rendered":"\n<p>Kosmetologia to dziedzina nauki, kt\u00f3ra zajmuje si\u0119 badaniem i piel\u0119gnacj\u0105 sk\u00f3ry oraz ca\u0142ego cia\u0142a w celu poprawy i utrzymania dobrego stanu zdrowia i wygl\u0105du. Kosmetologia zajmuje si\u0119 tak\u017ce rozwi\u0105zywaniem problem\u00f3w estetycznych, takich jak tr\u0105dzik, przebarwienia, cellulit, a tak\u017ce starzenie si\u0119 sk\u00f3ry i utrata elastyczno\u015bci.<\/p>\n\n\n\n<p>Kosmetolodzy posiadaj\u0105 wiedz\u0119 z zakresu anatomii, fizjologii i chemii, co pozwala im na w\u0142a\u015bciwe dobieranie kosmetyk\u00f3w oraz na wykonywanie specjalistycznych zabieg\u00f3w na twarz i cia\u0142o. W\u015br\u00f3d zabieg\u00f3w kosmetycznych mo\u017cna wymieni\u0107 m.in. mezoterapi\u0119 ig\u0142ow\u0105, mikrodermabrazj\u0119, peelingi chemiczne, wype\u0142nianie zmarszczek, laseroterapi\u0119, a tak\u017ce masa\u017ce i zabiegi relaksacyjne.<\/p>\n\n\n\n<p>Kosmetologia nie zajmuje si\u0119 jedynie pi\u0119knem zewn\u0119trznym, ale r\u00f3wnie\u017c zdrowiem. W ramach kosmetologii prowadzi si\u0119 badania dotycz\u0105ce sk\u0142adu kosmetyk\u00f3w, ich wp\u0142ywu na sk\u00f3r\u0119 oraz na organizm cz\u0142owieka. W ten spos\u00f3b kosmetolodzy mog\u0105 skutecznie dobiera\u0107 kosmetyki i preparaty do piel\u0119gnacji sk\u00f3ry, zapewniaj\u0105c skuteczn\u0105 ochron\u0119 przed czynnikami zewn\u0119trznymi oraz popraw\u0119 kondycji sk\u00f3ry.<\/p>\n\n\n\n<p>Kosmetologia to dziedzina, kt\u00f3ra stale si\u0119 rozwija i dostosowuje do potrzeb rynku oraz wymaga\u0144 pacjent\u00f3w. Jest to dziedzina, kt\u00f3ra pomaga ludziom poprawi\u0107 ich wygl\u0105d i samopoczucie, wprowadzaj\u0105c do ich \u017cycia pozytywne zmiany.<\/p>\n","protected":false},"excerpt":{"rendered":"<p>Kosmetologia to dziedzina nauki, kt\u00f3ra zajmuje si\u0119 badaniem i piel\u0119gnacj\u0105 sk\u00f3ry oraz ca\u0142ego cia\u0142a w celu poprawy i utrzymania dobrego stanu zdrowia i wygl\u0105du. Kosmetologia zajmuje si\u0119 tak\u017ce rozwi\u0105zywaniem problem\u00f3w estetycznych, takich jak tr\u0105dzik, przebarwienia, cellulit, a tak\u017ce starzenie si\u0119 sk\u00f3ry i utrata elastyczno\u015bci. Kosmetolodzy posiadaj\u0105 wiedz\u0119 z zakresu anatomii, fizjologii i chemii, co pozwala &hellip;<\/p>\n<p class=\"read-more\"> <a class=\"\" href=\"https:\/\/salon-laura.com\/?page_id=256\"> <span class=\"screen-reader-text\">Kosmetologia<\/span> Read More &raquo;<\/a><\/p>\n","protected":false},"author":1,"featured_media":0,"parent":0,"menu_order":0,"comment_status":"closed","ping_status":"closed","template":"","meta":{"site-sidebar-layout":"default","site-content-layout":"default","ast-global-header-display":"","ast-main-header-display":"","ast-hfb-above-header-display":"","ast-hfb-below-header-display":"","ast-hfb-mobile-header-display":"","site-post-title":"","ast-breadcrumbs-content":"","ast-featured-img":"","footer-sml-layout":"","theme-transparent-header-meta":"","adv-header-id-meta":"","stick-header-meta":"","header-above-stick-meta":"","header-main-stick-meta":"","header-below-stick-meta":"","footnotes":""},"class_list":["post-256","page","type-page","status-publish","hentry"],"_links":{"self":[{"href":"https:\/\/salon-laura.com\/index.php?rest_route=\/wp\/v2\/pages\/256","targetHints":{"allow":["GET"]}}],"collection":[{"href":"https:\/\/salon-laura.com\/index.php?rest_route=\/wp\/v2\/pages"}],"about":[{"href":"https:\/\/salon-laura.com\/index.php?rest_route=\/wp\/v2\/types\/page"}],"author":[{"embeddable":true,"href":"https:\/\/salon-laura.com\/index.php?rest_route=\/wp\/v2\/users\/1"}],"replies":[{"embeddable":true,"href":"https:\/\/salon-laura.com\/index.php?rest_route=%2Fwp%2Fv2%2Fcomments&post=256"}],"version-history":[{"count":3,"href":"https:\/\/salon-laura.com\/index.php?rest_route=\/wp\/v2\/pages\/256\/revisions"}],"predecessor-version":[{"id":1028,"href":"https:\/\/salon-laura.com\/index.php?rest_route=\/wp\/v2\/pages\/256\/revisions\/1028"}],"wp:attachment":[{"href":"https:\/\/salon-laura.com\/index.php?rest_route=%2Fwp%2Fv2%2Fmedia&parent=256"}],"curies":[{"name":"wp","href":"https:\/\/api.w.org\/{rel}","templated":true}]}}