{"id":3,"date":"2022-12-11T13:11:02","date_gmt":"2022-12-11T12:11:02","guid":{"rendered":"http:\/\/salon-laura.com\/?page_id=3"},"modified":"2023-04-06T17:58:40","modified_gmt":"2023-04-06T15:58:40","slug":"polityka-prywatnosci","status":"publish","type":"page","link":"https:\/\/salon-laura.com\/?page_id=3","title":{"rendered":"Polityka prywatno\u015bci"},"content":{"rendered":"\n<ol class=\"wp-block-list\">\n<li class=\"has-medium-font-size\">Informacje og\u00f3lne Niniejsza polityka prywatno\u015bci okre\u015bla zasady przetwarzania i ochrony danych osobowych przekazywanych przez u\u017cytkownik\u00f3w w czasie korzystania z naszej strony internetowej. Administrator danych osobowych jest Salon Kosmetyczny &#8222;Laura&#8221; z siedzib\u0105 w <strong>REJA 7\/9,\u00a0W\u0141OC\u0141AWEK<\/strong>, kt\u00f3ry jest jednocze\u015bnie w\u0142a\u015bcicielem strony internetowej.<br><br><\/li>\n\n\n\n<li class=\"has-medium-font-size\">Rodzaje przetwarzanych danych osobowych W ramach korzystania z naszej strony internetowej przetwarzamy nast\u0119puj\u0105ce dane osobowe u\u017cytkownik\u00f3w: adres IP, informacje zawarte w plikach cookies oraz dane osobowe, kt\u00f3re u\u017cytkownik dobrowolnie przekazuje poprzez formularze kontaktowe lub newsletter.<br><br><\/li>\n\n\n\n<li class=\"has-medium-font-size\">Cel przetwarzania danych osobowych Przetwarzanie danych osobowych u\u017cytkownik\u00f3w odbywa si\u0119 w celu umo\u017cliwienia korzystania z naszej strony internetowej, zapewnienia komunikacji z u\u017cytkownikami, dostarczania informacji o naszych us\u0142ugach oraz w celach statystycznych.<br><br><\/li>\n\n\n\n<li class=\"has-medium-font-size\">Pliki cookies Nasza strona internetowa wykorzystuje pliki cookies w celu poprawienia jako\u015bci obs\u0142ugi, dostarczenia spersonalizowanych tre\u015bci oraz w celach statystycznych. U\u017cytkownik mo\u017ce w ka\u017cdej chwili zmieni\u0107 ustawienia swojej przegl\u0105darki internetowej w zakresie akceptowania plik\u00f3w cookies lub ich blokowania.<br><br><\/li>\n\n\n\n<li class=\"has-medium-font-size\">Ochrona danych osobowych Dbamy o bezpiecze\u0144stwo przetwarzania danych osobowych u\u017cytkownik\u00f3w i stosujemy odpowiednie \u015brodki techniczne i organizacyjne w celu zabezpieczenia ich przed nieuprawnionym dost\u0119pem, utrat\u0105 lub uszkodzeniem.<br><br><\/li>\n\n\n\n<li class=\"has-medium-font-size\">Udost\u0119pnianie danych osobowych Dane osobowe u\u017cytkownik\u00f3w nie s\u0105 udost\u0119pniane osobom trzecim, chyba \u017ce jest to wymagane przez prawo lub jest to konieczne do wykonania us\u0142ugi, o kt\u00f3rej u\u017cytkownik zosta\u0142 poinformowany.<br><br><\/li>\n\n\n\n<li class=\"has-medium-font-size\">Prawa u\u017cytkownik\u00f3w U\u017cytkownik ma prawo dost\u0119pu do swoich danych osobowych, ich sprostowania, usuni\u0119cia oraz ograniczenia przetwarzania. Ma r\u00f3wnie\u017c prawo do przenoszenia danych oraz wniesienia skargi do organu nadzorczego w przypadku naruszenia przepis\u00f3w o ochronie danych osobowych.<br><br><\/li>\n\n\n\n<li class=\"has-medium-font-size\">Zmiany w polityce prywatno\u015bci Zastrzegamy sobie prawo do zmiany niniejszej polityki prywatno\u015bci w dowolnym momencie, z uwzgl\u0119dnieniem obowi\u0105zuj\u0105cych przepis\u00f3w prawa.<br><br><\/li>\n\n\n\n<li class=\"has-medium-font-size\">Kontakt W przypadku pyta\u0144 lub w\u0105tpliwo\u015bci dotycz\u0105cych naszej polityki prywatno\u015bci, prosimy o kontakt z nami poprzez telefon <strong>605 055 568<\/strong> <\/li>\n<\/ol>\n","protected":false},"excerpt":{"rendered":"","protected":false},"author":1,"featured_media":0,"parent":0,"menu_order":0,"comment_status":"closed","ping_status":"open","template":"","meta":{"site-sidebar-layout":"default","site-content-layout":"default","ast-global-header-display":"","ast-main-header-display":"","ast-hfb-above-header-display":"","ast-hfb-below-header-display":"","ast-hfb-mobile-header-display":"","site-post-title":"","ast-breadcrumbs-content":"","ast-featured-img":"","footer-sml-layout":"","theme-transparent-header-meta":"","adv-header-id-meta":"","stick-header-meta":"","header-above-stick-meta":"","header-main-stick-meta":"","header-below-stick-meta":"","footnotes":""},"class_list":["post-3","page","type-page","status-publish","hentry"],"_links":{"self":[{"href":"https:\/\/salon-laura.com\/index.php?rest_route=\/wp\/v2\/pages\/3","targetHints":{"allow":["GET"]}}],"collection":[{"href":"https:\/\/salon-laura.com\/index.php?rest_route=\/wp\/v2\/pages"}],"about":[{"href":"https:\/\/salon-laura.com\/index.php?rest_route=\/wp\/v2\/types\/page"}],"author":[{"embeddable":true,"href":"https:\/\/salon-laura.com\/index.php?rest_route=\/wp\/v2\/users\/1"}],"replies":[{"embeddable":true,"href":"https:\/\/salon-laura.com\/index.php?rest_route=%2Fwp%2Fv2%2Fcomments&post=3"}],"version-history":[{"count":1,"href":"https:\/\/salon-laura.com\/index.php?rest_route=\/wp\/v2\/pages\/3\/revisions"}],"predecessor-version":[{"id":710,"href":"https:\/\/salon-laura.com\/index.php?rest_route=\/wp\/v2\/pages\/3\/revisions\/710"}],"wp:attachment":[{"href":"https:\/\/salon-laura.com\/index.php?rest_route=%2Fwp%2Fv2%2Fmedia&parent=3"}],"curies":[{"name":"wp","href":"https:\/\/api.w.org\/{rel}","templated":true}]}}